nd f.
23
Let b be (-4)/10 - (-154)/10. Let h(s) = -7*s + 3. Let w be h(0). Suppose -w = -2*z + b. Calculate the highest common factor of z and 36.
9
Let n(z) = z**3 + z**2 - z + 2. Let a be n(-2). Suppose a = -2*u - 0*u + 2. Let d = 5 - 2. What is the highest common divisor of u and d?
1
Suppose -216*i - 8 = -214*i. Let z be ((-128)/40)/(((-16)/(-30))/i). What is the greatest common factor of z and 9?
3
Let c(i) be the third derivative of -i**4/24 + 13*i**3/3 - 12*i**2. Let b be c(-16). What is the greatest common divisor of 6 and b?
6
Let z = 163 + -27. Calculate the greatest common factor of 16 and z.
8
Suppose 195*d = 199*d - 36. Calculate the greatest common divisor of 369 and d.
9
Let l be 0 + (-4)/12*-15. Suppose 2*i + l*w - 23 = 0, 0 = -5*i + w + 42 + 29. Calculate the greatest common divisor of i and 35.
7
Let y = 89 + -104. Let j = 53 + y. Calculate the highest common factor of j and 152.
38
Let t(c) = 7 + 13*c - 2 - 3 + 0. Let m be t(-2). Let u = m + 40. What is the highest common divisor of 8 and u?
8
Suppose m = 4 + 1. Let b(c) = 20*c + 35. Let q be b(-1). What is the greatest common divisor of q and m?
5
Let a(n) = 2*n**2 + 2 + 4*n + n**2 + 5*n**3 - 6*n**3. Let j be a(4). Let w be (-1 - -2) + 1 + j. What is the greatest common divisor of w and 44?
4
Let k = 6 - 0. Suppose -152 = -k*c - 2*c. Suppose 2*v - 3*n - 187 = -2*n, 4*v + 4*n - 392 = 0. What is the greatest common divisor of c and v?
19
Suppose 3*h + 553 = r, 5*h + 1577 = 5*r - 1208. Calculate the highest common divisor of r and 43.
43
Let b be 0 + 6 + 6/(10/(-5)). Let i be ((-40)/2)/(-5) + -3. What is the greatest common divisor of b and i?
1
Let y(m) = 2*m**2 - 12*m + 14. Let h be y(7). Let n = h - 26. Calculate the greatest common divisor of 20 and n.
2
Let j = -85 + 130. Let r = -42 + j. Calculate the greatest common factor of 6 and r.
3
Let n = 1459 - 542. Calculate the highest common divisor of n and 7.
7
Let f = 408 + -273. What is the greatest common factor of f and 36?
9
Suppose 6*n - 15 = 3*n. Let a be (-21)/35*-1*n. Let z be a*(95/(-3))/(-5). Calculate the greatest common divisor of z and 171.
19
Suppose 2*s = 5*s + 2*l - 321, -539 = -5*s - 2*l. Calculate the greatest common factor of 763 and s.
109
Let i be (-110)/(-6) + 6/(-18). Suppose 0*g + 135 = 5*g. What is the highest common divisor of g and i?
9
Let d be (-3 + -1)/(((-48)/(-6))/64). Suppose 260 = 2*n - 68. Let t = n + d. Calculate the greatest common factor of 12 and t.
12
Let g be (-308)/462 + (-2)/(-3)*358. Calculate the greatest common divisor of g and 34.
34
Let w = 575 - 363. Calculate the greatest common divisor of w and 53.
53
Suppose 4*q - 2*c - 52 = 0, -5*q + 0*c = -c - 68. Let j = 5 + -1. Suppose -y = 4*a - 118, a + 116 = j*y - 271. What is the greatest common factor of q and y?
14
Let h be 2/(-6) - 46/(-3). Let w = 2498 + -2483. Calculate the greatest common factor of w and h.
15
Let n = 5 - 3. Let h(t) = 20*t. Let x be h(n). Suppose 13*m - 17*m + 80 = 0. What is the highest common factor of m and x?
20
Let g(s) = 5*s**2 - 4*s + 5. Let r be g(1). Let b be 9*((1 - -10) + -10 + r). Let q = -9 + 51. What is the greatest common divisor of q and b?
21
Suppose 2*v - 336 = -3*p, -42 - 56 = -p + 4*v. Let h be 40*(-4 + 1)/(-3). Suppose -7*c + 3*c + h = 0. Calculate the highest common factor of p and c.
10
Let u(r) = r + 21. Let f be u(-18). Suppose 0 = -i - f*s + 45, -2 = 3*s - 14. What is the greatest common factor of 3 and i?
3
Suppose -3970*l = -3978*l + 864. What is the highest common factor of 15 and l?
3
Let o be ((-54)/72)/(1/(-8)). Suppose o*h - 16 = -2*h. What is the highest common factor of 22 and h?
2
Let a = 30 - 28. Suppose -5*u - 5*d = -60, -2*u - 5*d + 45 = a*u. What is the greatest common factor of 60 and u?
15
Let o(m) = 12*m**2 - m. Suppose -4*q + 6*d = d + 51, -33 = 2*q + 5*d. Let y be (-8)/28 + 10/q. Let j be o(y). What is the highest common divisor of j and 104?
13
Suppose -3*a = 2*j - 319, -3*j + 5*j + 5*a = 329. Suppose 3*x - 6 - 18 = 0. What is the highest common factor of x and j?
8
Let v(r) = r**3 + 15*r**2 + 14*r + 4. Let b be v(-14). Suppose 0 = -b*d - 6*d + 560. Calculate the greatest common factor of 56 and d.
56
Let g(p) = -4*p + 30. Let w be g(5). Calculate the highest common divisor of 280 and w.
10
Let m(s) = 3*s**3 - 4*s**2 + 3*s - 1. Let p be m(2). Let n be (1 - (p + 0)) + 3. Let y be ((-1)/3 + 0)*n. Calculate the highest common divisor of 3 and y.
3
Let l be 100/16*1 - 2/8. Suppose -2 = o - 11. Calculate the greatest common divisor of l and o.
3
Let q = -56 - -92. Let w(u) = u + 8. Suppose -8*j + 20 = -3*j. Let a be w(j). Calculate the highest common divisor of a and q.
12
Let o = -1941 + 1968. What is the highest common factor of 1647 and o?
27
Let z(c) = c**3 + 5*c**2. Let m be z(-5). Let d(h) = h**3 - h**2 + h - 71. Let g be d(m). Let k = -51 - g. What is the highest common divisor of k and 100?
20
Let g = 22 - 20. Suppose -4*x = -g*w - 3*w + 170, 125 = 5*w + 5*x. Calculate the highest common divisor of w and 40.
10
Suppose -3*z + 16 = -29. Suppose 10 = -b - 2*n, 16 = -4*b - 5*n - z. Let r be 6/9*(-24)/b. What is the highest common divisor of r and 32?
4
Suppose -37*k + 312 = 90. Calculate the highest common factor of k and 126.
6
Let o = 24 + -16. Let d(t) = 153*t - 148*t - 3 - o. Let f be d(5). What is the highest common factor of f and 126?
14
Let w(s) = -2*s**2 - 52*s - 5. Let c be w(-21). What is the highest common divisor of 5 and c?
5
Let a = 18 + -16. Suppose a*b = x + 2*x - 34, 36 = 2*x + 2*b. Let i be (-4)/5*105/(-6). Calculate the greatest common factor of x and i.
14
Let j = -172 + 262. Suppose -128 = -5*c + 327. Let k = 127 - c. What is the greatest common divisor of k and j?
18
Let u be 456/(-18)*(-9)/2. Suppose -4*t - 278 = u. Let s = -68 - t. What is the highest common divisor of 5 and s?
5
Let a(w) = 14*w. Let n be a(5). Suppose -10*y + 279 = 2*y + 159. Calculate the greatest common divisor of y and n.
10
Let h be ((-17)/(-34))/((-2)/(-56)). Suppose 0 = 5*f - 7*f + 112. Calculate the greatest common divisor of h and f.
14
Suppose 12*j - 109 - 35 = 0. Calculate the greatest common divisor of 324 and j.
12
Let a(u) = 3*u**2 + 19*u - 107. Let k be a(5). Calculate the highest common divisor of k and 336.
21
Suppose -4*g - 5*p + 1077 = 0, 2*g - 2*p - 724 + 172 = 0. Calculate the greatest common factor of 21 and g.
21
Let q(n) be the third derivative of -n**4/24 + 2*n**3/3 - 5*n**2. Let t be q(-5). What is the highest common divisor of t and 63?
9
Let h = 582 + -548. Calculate the highest common divisor of 1666 and h.
34
Suppose m - 376 = -3*m. Let z = m - 63. What is the greatest common factor of 93 and z?
31
Suppose 8 = -0*z + z. Let v be ((-8)/(40/15))/(6/(-80)). Calculate the highest common divisor of v and z.
8
Let x be ((-59)/(-177))/(2/48). Calculate the greatest common factor of x and 104.
8
Let o be 1/(-4) + 27/12. Suppose o*a = -2*n - 119 - 29, -2*a = -4*n - 314. Let k be -4*1*n/44. Calculate the greatest common divisor of 28 and k.
7
Let u = -39 - -89. Let a = u - 30. Let r = -90 - -150. What is the greatest common factor of r and a?
20
Let b(l) = -3*l - 4. Let x be b(-2). Suppose 2*u - 4*s - 16 = 0, 2*s = -x*u + u + 20. What is the highest common factor of 126 and u?
14
Suppose 67*a - 61*a - 216 = 0. Calculate the highest common factor of 414 and a.
18
Let r = -1353 + 1358. What is the greatest common factor of 1215 and r?
5
Let i = 42 + 26. Suppose -x + i = 3. What is the greatest common divisor of x and 13?
13
Suppose -15*k + 16*k - 30 = 2*r, -r - 4 = 0. What is the greatest common factor of k and 275?
11
Let i(n) = -4*n + 16*n - 27 + 0*n. Let o be i(7). Calculate the greatest common divisor of 19 and o.
19
Let i be 13244/(-1634) + 2/19. Let p(s) = -10*s - s**2 - 5 - 9 + 4. Let y be p(i). What is the highest common divisor of y and 18?
6
Let p = -26 + 47. Suppose j = 5*u + 241, -5*j = -25*u + 24*u - 1157. What is the greatest common divisor of j and p?
21
Suppose -3*f + 31 = -11. Let h be (-3)/(18/(-2116)) - (-8)/24. Suppose -5*t + h + 207 = 0. Calculate the highest common divisor of t and f.
14
Suppose -22*b + 43472 = 22*b. What is the highest common factor of b and 104?
52
Let y be 4/30 + 5984/(-330). Let f be 4/y - (-1967)/63. Calcu